 List the prime factors of w(u).
5
Suppose 4*u + 20 = 0, 3*j - 25 = -u + 3*u. Suppose 0 = -o, -j - 22 = -3*k + 2*o. What are the prime factors of k?
3
Suppose -7*l = -120 - 69. What are the prime factors of l?
3
Suppose 4*t = 2*l + 194, -5*t - 4*l + 241 = -6*l. List the prime factors of t.
47
Let g be ((-828)/24)/(1/(-2)). Suppose -9*s = -6*s - g. List the prime factors of s.
23
Suppose -4*b + 11 = -5. List the prime factors of (-3)/(b/((-112)/6)).
2, 7
Let s(j) = j**2 + 11*j + 2. Let y be s(-10). Let k(c) = -7*c - 10. What are the prime factors of k(y)?
2, 23
Let y(o) = -o**2 + 9*o + 9. Let k be y(8). Let t = k + -1. Suppose -8 = -2*s + t. What are the prime factors of s?
2, 3
Suppose -v = 9*v - 580. What are the prime factors of v?
2, 29
Suppose 2*c = -0*c + 32. List the prime factors of c.
2
Let n(q) = q**3 + 17*q**2 - 3*q - 24. What are the prime factors of n(-17)?
3
Let y(u) = -u**2 - 4*u + 1. Let b be -1 + (3 - (4 + 0)). What are the prime factors of y(b)?
5
Suppose 0 = 3*p + 2*p - t - 21, 3*p - 9 = -3*t. Suppose 5*y = h + 49, -4*y + p*h + 10 = -26. What are the prime factors of y?
2, 5
Let c(y) = -y**3 + 2*y**2 + 3*y + 1. Let f(t) = -t + 7. Let g be f(10). List the prime factors of c(g).
37
Let k be (2 + 36/(-15))*10. Let m be (-131)/k + 1/4. Suppose h + m = 4*h. What are the prime factors of h?
11
Suppose 3*w = 4*j - 13, -j + 2*w + 7 = 5*w. Suppose 0*q + j*q - 36 = 0. List the prime factors of q.
3
Let l(w) = -w**2 + 8*w - 7. Let z be l(6). Let v be 48/(-9)*30/(-8). Suppose -2*n + 48 - 5 = 5*p, z*n - v = 0. List the prime factors of p.
7
Let y = -47 + 34. Let f = y + 22. List the prime factors of f.
3
Let z = 24 + -21. What are the prime factors of z?
3
Let h = 25 + -10. Suppose i - h = -2*i. What are the prime factors of i?
5
Let z = -47 + 71. What are the prime factors of z?
2, 3
Suppose 3*o - 4*x - 315 = -x, -5*x + 117 = o. What are the prime factors of o?
107
Suppose -4*z - 3*n - 7 = -46, 2*z + 2*n - 22 = 0. Suppose t + 7 = z. Let v = t - -3. What are the prime factors of v?
2
List the prime factors of -1*(-3020)/16 - (-2)/8.
3, 7
Suppose 16*r - 6*r - 3370 = 0. List the prime factors of r.
337
Suppose -5*p = 5*g - 95, -2*p + 4*g - 6 + 56 = 0. What are the prime factors of p?
3, 7
Let h = 13 - 7. List the prime factors of 83/9 + h/(-27).
3
Suppose -3*a + 21 = 3*r, 5*a + 0*a - 5*r - 5 = 0. What are the prime factors of a?
2
Suppose 0*w - w + 3 = 0. List the prime factors of w.
3
Suppose 844 - 173 = 11*l. What are the prime factors of l?
61
What are the prime factors of 13 + ((-4)/(-1) - 3)?
2, 7
Let y = 9 + -9. Suppose 0*c + c - 50 = y. Let z = c + -30. What are the prime factors of z?
2, 5
Let w be (4/7)/((-1)/(-7)). Suppose 0 = 4*u - 2*f - 226, 0*u - 5*f - 235 = -w*u. List the prime factors of u.
5, 11
Suppose 2 - 23 = -3*u. Let r = 3 + u. What are the prime factors of r?
2, 5
Let y = -8 - -11. Suppose y*a = -3*f - 27, -2*f + 3*f + 5*a = -5. Let o(h) = h**2 + 10*h + 7. What are the prime factors of o(f)?
7
Let t(j) = -4*j**2 - 25*j + 3*j**2 + 26*j + 18. List the prime factors of t(0).
2, 3
Suppose -3*r + 36 = -2*r. Suppose -3*k = -r - 0. Suppose 4*q + k = 5*q. What are the prime factors of q?
2, 3
Let u(m) = 15*m + 51. Let f(z) = -7*z - 25. Let r(q) = -13*f(q) - 6*u(q). Suppose 0*p + 5*p = -55. List the prime factors of r(p).
2
Suppose -4*b + 0*c = -c - 86, 0 = -3*b + 3*c + 69. List the prime factors of b.
3, 7
Suppose 7*y = 348 + 86. What are the prime factors of y?
2, 31
Suppose -4*m = -2*t - 10, 3*t + 9 = 2*m - 2*t. Suppose -5*y + m*y = -99. What are the prime factors of y?
3, 11
Let n(c) = 2*c**3 - c**2 - 4*c + 3. List the prime factors of n(2).
7
Suppose -104 = -2*b - 5*q, -6*b + b - 5*q + 275 = 0. List the prime factors of b.
3, 19
What are the prime factors of (-1456)/140*15/(-2)?
2, 3, 13
Suppose 3*i + 35 = 2*k, -5*k = -i - 1 - 2. Let h = i - -32. List the prime factors of h.
19
Suppose 0 = 2*t + w - 22, w + 15 = 4*t - 17. What are the prime factors of t?
3
Let l(f) = -f**3 + f**2 + 3*f - 1. Let m be l(2). Let q be m + (-4 - 6/(-3)). What are the prime factors of q*(6 - 1)*-1?
5
Let i(w) = 2*w - 2. Let u be i(2). Suppose -s + q + 5 = u*q, -4*q = 5*s - 25. Suppose 4 + s = h. List the prime factors of h.
3
Let r(o) = o - 1. Let x be r(-1). List the prime factors of x/6 + 31/3.
2, 5
Let a = -9 - -14. Let g(p) = -p + 8. Let l be g(a). Suppose 30 = 2*u + 4*c, u + l*c - 10 = 7. What are the prime factors of u?
11
Let t(m) = m**3 + 3*m**2 + 8*m + 5. Let j(n) = 6*n**3 + 15*n**2 + 41*n + 25. Let s(q) = 2*j(q) - 11*t(q). What are the prime factors of s(5)?
3, 5
Suppose 3*z = 7*z - 120. List the prime factors of z.
2, 3, 5
Let c(a) = a - 1. Let h be c(1). Let w(v) = v**2 - v + 26. Let o be w(h). Let i = o - 10. List the prime factors of i.
2
Let n(c) = -17*c + 5. List the prime factors of n(-5).
2, 3, 5
Let u = 548 + -190. List the prime factors of u.
2, 179
Let w(i) = i**3 - 8*i**2 + 9. Let m(z) = 3*z**3 - 17*z**2 - z + 19. Let k(j) = 2*m(j) - 5*w(j). List the prime factors of k(-6).
5
Suppose 5*y = -y + 870. What are the prime factors of y?
5, 29
Suppose 0 = 2*l + 2*l. Suppose -h = -l*h - 6. Suppose 2*x + 5*s = -2*x + 6, 0 = 2*x + s - h. What are the prime factors of x?
2
Let k(y) = 15*y. Suppose 0 = -3*v + 12, -4*p + 16 = -2*p - 2*v. Suppose l = -4, -5*l - p - 5 = 3*d. List the prime factors of k(d).
3, 5
Suppose 6 = -s + 2*l, 2*s + 3*l + 2 = 11. Suppose s = n - 8. Let g = -3 + n. What are the prime factors of g?
5
Suppose -n + 0*n - 174 = -4*s, 2 = n. What are the prime factors of s?
2, 11
Let c(a) = -a**3 + 7*a**2 - 4*a + 2. Let y be c(6). Let v be (0/(1 - 0))/(-3). Suppose v = 2*m + y - 54. List the prime factors of m.
2, 5
Suppose -3*f - 4*l = 66, 0*f = 4*f + l + 88. Let r be (-2)/4*(1 - 63). Let z = f + r. What are the prime factors of z?
3
Let c(i) = -10*i + 4. Let q(z) = -z. Let r be q(5). Let o be c(r). Suppose -3*f + 5 = -4*y - o, 2*y = -3*f + 29. What are the prime factors of f?
13
List the prime factors of (-2)/7 - 774/(-14).
5, 11
Let n(h) = -h**2 - 10*h + 2. Let o be n(-9). Suppose 4*j + o = 3*u, 30 = 2*u + 5*j - 8. Suppose u*k - 10*k + 20 = 0. What are the prime factors of k?
2, 5
Let p(a) be the first derivative of a**2/2 + 2. Let f be p(-1). Let h = f - -4. List the prime factors of h.
3
Suppose -10 + 0 = 2*k, -5*i + 115 = 5*k. List the prime factors of i.
2, 7
Let r(t) be the second derivative of t**5/20 - t**4/3 + 2*t**3/3 + t**2/2 - 2*t. Let z = 1 + 2. List the prime factors of r(z).
2
Let p(f) = 2*f**3 - 2*f**2 - f - 2. Let d be p(2). Suppose -5*v = -2*c + 24, -2*c + 7*c = d*v + 26. Let a = c + 2. List the prime factors of a.
2
Suppose -2*r + 18 = 4*v, 0*v + 15 = 3*r + 2*v. Suppose m + u - 14 = 0, -1 + r = m - 5*u. List the prime factors of m.
2, 3
List the prime factors of (321 - -2)*1/1.
17, 19
Let r = 32 + -20. Suppose 4*y - 52 = -r. List the prime factors of y.
2, 5
List the prime factors of ((-78)/(-65))/(6/20).
2
Let f = 6 + -4. Suppose 0 = -5*g + f*v + 31, 4*v = -g - 3*g + 8. Suppose -115 = -g*b + 4*y, -b - 4*y - 77 = -4*b. What are the prime factors of b?
19
Suppose 6*v - 3*v - 11 = 2*h, 3*v - 25 = -5*h. What are the prime factors of (-112)/(-21) - h/6?
5
Let w = 50 + -23. List the prime factors of w.
3
What are the prime factors of 0/1 + 240/16?
3, 5
Let d = -5 + 7. Suppose d*o + 0*o = 36. What are the prime factors of o?
2, 3
Let a(q) be the third derivative of -q**6/8 - q**5/60 + 3*q**2. List the prime factors of a(-1).
2, 7
Let c(l) = 3*l**3 + 3*l**2. Let f(m) = -4*m**3 - 4*m**2 - m + 1. Let w(b) = -3*c(b) - 2*f(b). What are the prime factors of w(-3)?
2, 5
Let z(q) = 2*q - 13. Let c be z(9). Suppose -3*b - 10 = -5*b. Suppose -b*k = 3*w - 88 + 5, 2*w - 62 = -c*k. What are the prime factors of w?
3, 7
Let p be 3/(-12) + (-65)/(-4). Let k = -8 + p. What are the prime factors of k?
2
Suppose -y = 3*y - 16. Suppose 0 = c + 2*c - 4*t - 82, y*c - 5*t - 108 = 0. What are the prime factors of c?
2, 11
Suppose f - 45 = -2. What are the prime factors of f?
43
Suppose -c + 2 = u, 2*c - 19 = -5*u - 0*c. Suppose -m + 0 = 5, -5*r + u*m = -185. List the prime factors of r.
2
Suppose 0 = 5*n + 15, 114 + 115 = 2*o + n. Suppose -o - 74 = -5*t. What are the prime factors of t?
2, 19
Let l(o) = -15*o - 6. What are 